on divisor of y and 17617?
79
Let b be 4/(-3)*10675161/(-348). What is the greatest common factor of b and 7?
7
Suppose 87*d - 84*d - 141 = 0. Let o = d + -44. Let v be 87 - 5/(-10)*6/o. Calculate the greatest common divisor of 11 and v.
11
Let x be (-145)/(-10) - (-12)/(-8). Suppose -18*d + 95 + x = 0. What is the greatest common factor of 192 and d?
6
Let v = -646 + 951. Let o(k) = 2*k**2 + 11. Let b be o(5). Calculate the greatest common divisor of v and b.
61
Let r(v) = v**2 + 11*v - 1. Let p be r(-11). Let z be (-2)/(-5)*(-8 + 3)*p. Suppose 99 + 21 = z*k. Calculate the greatest common factor of k and 45.
15
Suppose -u + 27*o = 26*o - 5, -2*o + 14 = 4*u. Suppose -69 = -3*z + u*q + 35, 3*q - 3 = 0. What is the greatest common divisor of z and 306?
18
Let x be (2 - 81/12)*-4. Let m = -204 - -209. Suppose 5*d - d + 12 = 0, -395 = -4*r + m*d. What is the highest common divisor of r and x?
19
Suppose -16 = -3*u + 4*p, 5*u - 6*p = -7*p - 4. Suppose 3*k - 42*k + 2574 = u. What is the greatest common factor of k and 99?
33
Let v = -42 - -427. Let r = v + -301. What is the highest common divisor of r and 294?
42
Let d be (-58)/12*(-4 - 2). Suppose -112 = -33*w + d*w. Let s be -1 + 0 + 6 + 3. What is the highest common factor of s and w?
4
Suppose -25*v + 1971 = -929. What is the greatest common divisor of 48 and v?
4
Suppose 24569*c - 34317 = 24538*c. What is the highest common divisor of c and 82?
41
Let n(x) = 371*x - 3335. Let c be n(9). What is the greatest common divisor of 932 and c?
4
Suppose 24699 = 6*x - 3*l, -4*x + 16445 = 7*l - 12*l. What is the greatest common factor of x and 40?
40
Let j = 142 - 238. Let v = j + 304. What is the highest common divisor of v and 16?
16
Let c(u) be the first derivative of u**4/4 + u**3 + u**2 + 4*u + 10. Let q be c(3). Suppose q*d + 252 = 66*d. Calculate the greatest common factor of d and 36.
18
Suppose -2*u - c + 52 = 0, -21 = u + 3*c - 57. Suppose 282 = 4*i - 486. Calculate the highest common divisor of u and i.
24
Let p be 0 + -1 + (3 - 5). Let n(l) = -l**2 + 7*l + 74. Let h be n(13). Let o be (p/(-6))/(h/(-8)). What is the highest common factor of 1 and o?
1
Suppose 5*u - 2*o - 50 = 0, 3*u - 7*u - 4*o = -68. Let j be ((180/35)/(-3))/(1/(-14)). What is the greatest common divisor of j and u?
12
Let l(b) = 13*b**2 - 7*b + 3. Let t(d) = 5*d - 38. Let g be t(8). Let v be l(g). Calculate the greatest common factor of 41 and v.
41
Let w(q) = -4*q**3 - 9*q**2 - 185*q - 1058. Let c be w(-6). Calculate the greatest common factor of 370 and c.
74
Suppose -3*x - n + 18 = -20, 3*n + 54 = 3*x. Let r be (-7)/(x/6) + -4 + 82. Calculate the highest common factor of 30 and r.
15
Suppose -5*m + 246 = -3*y - 416, 3*y + 532 = 4*m. What is the greatest common divisor of 1720 and m?
10
Suppose 4*v = -2*t - 922, 4*v - 4*t = -0*v - 940. Let x be v/(-12) + (-1)/3. What is the highest common factor of x and 2?
1
Let b(v) = -79*v**3 - v. Let p be b(-1). Suppose -2*q = 3*q + p. Let o be q/((-2)/(0 - -4)). Calculate the highest common factor of o and 16.
16
Let z be -5 + (-954)/(-45) + 2/(-10). Suppose 74*d = 78*d - z. What is the highest common divisor of 2 and d?
2
Let b = -368 + 126. Let c be (10 - (-432)/(-42)) + b/(-14). Let m be 1188/7 - (-4)/14. Calculate the greatest common divisor of c and m.
17
Suppose -18*h + 3627 = -8163. What is the greatest common divisor of 6157 and h?
131
Let f(t) = 2*t**2 + 149*t + 231. Let s be f(0). What is the greatest common divisor of s and 2695?
77
Suppose -20 = 5*p, 11*p = -4*d + 14*p - 2016. Let h = 539 + d. What is the highest common factor of h and 10?
2
Suppose -35*l - 5*s = -40*l + 480, -4*l - s = -394. Let j = 76 + 22. Calculate the greatest common factor of l and j.
98
Let t = -12551 + 12667. What is the highest common factor of 4466 and t?
58
Suppose 5*p = -2*d + 990, -970 = -6*p + p + 2*d. Suppose 0 = 2361*m - 2344*m - 833. Calculate the greatest common factor of m and p.
49
Let f be ((-28)/(-5))/(2/16*32/600). What is the greatest common divisor of f and 16?
8
Suppose 36*g - 34*g = 10. Suppose 2*q - g*x = 1432, -4*q + 2*x + 3622 = q. Suppose 0 = 25*i - 27*i + q. What is the highest common factor of 33 and i?
33
Let r = 541 - 7. Let x be r/9 + 10/15. What is the greatest common factor of 20 and x?
20
Let g be 4/54 - 1118936/(-10179). What is the highest common factor of g and 11770?
110
Suppose 9*x - 7558 = -6910. Calculate the highest common factor of x and 64.
8
Suppose -4*l - 3*t = -162 + 64, 2*l - 76 = 3*t. Calculate the greatest common divisor of 319 and l.
29
Let g = -118 + 170. Let t = g + -32. What is the highest common divisor of 24 and t?
4
Let c(x) = 121*x**2 - 3*x - 3. Suppose 6*f - 106 = -112. Let y be c(f). Calculate the highest common divisor of y and 33.
11
Let p(v) = -794*v - 1256. Let r be p(-8). Calculate the greatest common divisor of r and 104.
104
Let q be 34/(-3)*(-6)/4. Let k be 22458/197 + (-87)/3. What is the greatest common divisor of q and k?
17
Let l be 2/2 + (-6)/(-2) + 131. Suppose -34*a + 16*a = -90. Calculate the highest common divisor of l and a.
5
Let a be ((-4278)/(-161) + -28)/((-1)/7). Let s(b) = b**2 + b + 8. Let h be s(0). Calculate the highest common factor of a and h.
2
Suppose -8718 = -31*k - 2363. Suppose -1886 = 3*g - 26*g. What is the greatest common divisor of g and k?
41
Let p(b) = -12*b - 48. Let f be p(-4). Suppose f = -371*o + 370*o + 100. Calculate the highest common divisor of o and 30.
10
Let m = 33307 + -33277. Suppose -5*i = w - 0*w - 30, 0 = -w - i + 26. Let x = -10 + w. What is the greatest common divisor of m and x?
15
Let d be 1*6/(-9)*-18. Suppose 0 = 2*k - d - 28. Suppose -5*i + k = 3*q + 3, 4*i = 4. What is the greatest common divisor of 4 and q?
4
Let g be (-2)/(-10) - (-258)/10. Suppose -s = 3, -2*c = -4*s - g + 10. Let x be (-4 + 2)*(3/2 - c). What is the greatest common factor of 11 and x?
1
Let m be (80/(-50))/(1/(-25)). Let t = 1800 - 1760. Calculate the highest common factor of m and t.
40
Suppose 14090 = 5*l - 5*p, 5*p = 4*l - 7845 - 3429. What is the greatest common divisor of l and 88?
88
Let g = 11232 + -10485. What is the highest common divisor of 153 and g?
9
Let k = 174 + 142. Let s = 318 - k. What is the highest common factor of 134 and s?
2
Suppose -7272 - 2652 = -4*x - 4*w, -12 = 4*w. What is the highest common factor of x and 92?
92
Let n = 1352 + -1345. Suppose 2*q - 5*u = -0*q + 974, 2*u = q - 489. What is the greatest common factor of n and q?
7
Let x = -2747 - -3200. Calculate the highest common factor of 3473 and x.
151
Suppose -1930*p - 107492 = -1944*p. Calculate the greatest common divisor of 110 and p.
22
Let s(j) = 16*j**2 + 3*j - 3. Let v be s(3). Let w be 21805/356*8/5 + 0 + 2. What is the greatest common divisor of v and w?
50
Let v(f) = -f**2 - 28*f - 4. Let c be 3*(16/24 - 20/6). Let x be v(c). What is the highest common factor of 52 and x?
52
Let l(d) = d**3 - 37*d**2 + 50*d - 474. Let z be l(36). Suppose 3*m = -2*m + 4*i + 30, 4*m - 5*i - 24 = 0. What is the highest common factor of z and m?
6
Let f = -1370 + 1500. What is the greatest common divisor of f and 182?
26
Let i(b) = -b**3 + 44*b**2 - 5*b + 236. Let x be i(44). Suppose 0 = -4*l + x, -10*l + 60 = 4*t - 7*l. What is the highest common divisor of t and 516?
12
Let v(g) = -2*g**3 + 59*g**2 - 131*g + 54. Let t be v(27). What is the greatest common divisor of 6 and t?
6
Suppose 4*k - 73 = -3*v, 71 = 18*k - 15*k - v. What is the highest common factor of 3322 and k?
22
Let w(g) be the first derivative of 21*g**2/2 + 2*g + 47. Let i be w(0). Calculate the highest common divisor of 3 and i.
1
Let a be (1554/185)/(((-1)/14)/(210/(-4))). What is the greatest common divisor of 18 and a?
18
Let z = -23110 - -23116. Let v be 22*(-15)/(-6) - 1. Calculate the greatest common factor of v and z.
6
Let z be (108*(-7 + 1))/(-1)*1. Calculate the highest common divisor of 36 and z.
36
Let a be 63/18*(-6)/(-7). Suppose 4*k + a*k = 4620. Let c be ((-585)/(-52))/(6/32). Calculate the highest common divisor of c and k.
60
Suppose -f + 121 = -5*n, -5*n - 659 = -3*f - 226. What is the highest common factor of 1599 and f?
39
Suppose -2106 = 229*v - 238*v. Let t be 2992/55 + 4/(-10). Calculate the highest common divisor of t and v.
18
Let h(q) = q*